b(k) + l(k). Calculate h(-9).
5
Let n(a) = a**3 + 13*a**2 + a + 14. Let s = 4134 - 307. Let t be s/(-301) - 2/7. What is n(t)?
1
Let b be -18 - 2/4*-6. Let t = b - -17. Let s(v) = -3*v**2 + 70 + 2*v**t - 57 - v. Calculate s(0).
13
Let i(c) = 2*c - 9. Suppose 4*v + 2*y + 3*y = 0, -5*v = -4*y - 41. Let k be i(v). Let l(m) = 54*m + 3 + k - 53*m. Give l(7).
11
Let t(i) be the first derivative of 2*i**3 + 1/120*i**5 + 0*i**2 + 0*i - 1/6*i**4 + 5. Let z(w) be the third derivative of t(w). Calculate z(0).
-4
Let o(h) = -128*h**2 + 35*h + 39. Let d(k) = -159*k**2 + 35*k + 40. Let a(u) = 4*d(u) - 5*o(u). Determine a(-1).
4
Let v(m) = 2*m + 12. Suppose -67 + 715 = 27*l. Let a be 28/(-6)*36/l. Determine v(a).
-2
Let x(f) = 2590*f - f**2 - f**3 + 0*f**3 - 2 - 2593*f. Give x(-1).
1
Let i(m) be the second derivative of 3*m**3/2 + 5*m**2 + 3338*m. Determine i(-2).
-8
Let v(z) = 6*z + 15. Let d(q) = q. Let l(f) = 5*d(f) - v(f). Suppose -96 = 158*w - 142*w. Calculate l(w).
-9
Let f(i) = 15*i - 168. Let y(b) = -4*b + 44. Let x(w) = 2*f(w) + 9*y(w). What is x(9)?
6
Let l(p) = -8 + 9*p + 9 - 4*p - 1 - 5. Calculate l(-10).
-55
Let w(h) = -h**3 - 38*h**2 + 67*h - 56. Let c(g) = 2*g**3 + 39*g**2 - 66*g + 65. Let r(s) = 2*c(s) + 3*w(s). Give r(34).
-4
Let u(c) = c**3 - 4*c**2. Let l(b) = -b**3 + 3*b**2. Let r(h) = -2*l(h) - 3*u(h). Suppose -40*j = -5*j - 210. Determine r(j).
0
Let l(m) = m**3 - m**2 - 9. Let o(t) = -5*t**3 + 8*t**2 - t + 60. Let d(k) = 6*l(k) + o(k). What is d(-4)?
-22
Suppose 3*u - 9 = -2*g, 0 = -g + 9*u - 5*u + 54. Let n(b) = -b**3 + 18*b**2 + 4*b + 30. Determine n(g).
102
Suppose 2*l - 4*a = -12, -a - 10 = -5*l + 5. Let k(j) be the third derivative of j**5/60 - j**4/12 + j**3 + 6*j**2 + 1. Determine k(l).
14
Suppose 91*m - 92*m + 6 = 0. Let v be (m/18)/(75/(-36) - -2). Let h(a) = 2*a**3 + 2*a**3 - 3*a**3 - 6 + 6*a + 5*a**2 + 10. What is h(v)?
-4
Let x(f) = 2*f + 75 - 15*f + 7907410*f**2 - 7907411*f**2. Determine x(-17).
7
Let k = 73 - 135. Let u = 503 - 568. Let w = u - k. Let i(l) = 2*l**2 + l - 4. Determine i(w).
11
Let y(b) be the third derivative of -b**6/8 - b**2 + 1351. Calculate y(1).
-15
Suppose -66*t + 56 = -52*t. Let q(v) = 4 - 2 - 1 - 6 - 2*v + t. Give q(-4).
7
Let i(o) = -o - 4. Let y be i(-6). Let h(r) = y*r - 6*r + 3*r + r**2 + 1. Let z(d) = -144*d - 1008. Let l be z(-7). Calculate h(l).
1
Let i(k) = -25*k - 34. Let m(g) = 11*g + 17. Let c(y) = -6*i(y) - 13*m(y). Let b(w) = 6*w - 12. Let f(t) = -3*b(t) + 2*c(t). Give f(3).
-10
Let n(p) = 4*p - 11 - p - 22 - 2*p - p**2. Let f(k) = 31*k - 186. Let x be f(6). Calculate n(x).
-33
Suppose -27*r - 5904 = -237*r - 118*r. Let c(l) = -2*l**2 + 35*l + 4. Calculate c(r).
-14
Let k(u) = 28*u**2 - 106*u + 2. Let b(f) = 11*f**2 - 42*f. Let p(z) = -12*b(z) + 5*k(z). What is p(4)?
34
Suppose -688 - 181 = -11*v. Let d = 55 + -18. Let w(p) = -v*p + d*p + p**3 + 5*p**2 + 39*p. Calculate w(-5).
15
Let a = 279 - 273. Suppose 136*o - 134*o + a = 0. Let k(z) = -z**3 - 5*z**2 - 4*z - 1. Determine k(o).
-7
Suppose 13*u + 24 = 16*u. Let t be 138/u*(3 + 1). Let b(w) = 38 - t - 2*w + 33. Give b(6).
-10
Let h(j) = -13*j**3 - 3*j**2 - 7*j + 4. Let g(m) = 4*m**3 + m**2 + 2*m - 1. Let q(b) = 14*g(b) + 4*h(b). What is q(2)?
42
Let i(f) = -2*f + 8. Let k(m) = 25 + 8*m - 9*m - 7*m. Let v(d) = -7*i(d) + 2*k(d). Let u = -23 + 18. Give v(u).
4
Let k(q) = 69*q - 169*q + 94 + 53*q + 46*q. What is k(0)?
94
Let z(s) = -s - 1. Let x(p) = 7*p + 15. Let y(t) = -x(t) - 6*z(t). Let d = -1 - -1. Suppose d = 10*j - 16*j - 54. What is y(j)?
0
Suppose -438 + 30 = -6*i. Let y = -65 + i. Suppose 0 = y*h - 16 + 13. Let b(s) = -5*s**2. Give b(h).
-5
Let o be ((-6)/((-18)/(-489)))/1. Let f = o + 169. Let i(d) = -d**3 + 5*d**2 + 5*d - 3. Give i(f).
-9
Let i(h) = -h**2 - 13*h + 49. Suppose -84*y + 2*d + 50 = -87*y, 0 = d - 5. What is i(y)?
-91
Let w(v) = v**2 + 15*v + 45. Suppose -26*m = 5*d - 30*m + 54, -3*d - 5*m + 12 = 0. What is w(d)?
-9
Let h(w) = w**2 - 3*w - 33. Suppose -4*t = 0, 6*f + 16 = 12*f - 4*f + 2*t. Calculate h(f).
7
Let r = 119 - 44. Let v = -48 + r. Let k(a) = -28 - 2*a**2 - a + v + 4*a**2. Give k(2).
5
Suppose 18*n - 22*n + 2*o + 16 = 0, -o = 0. Let v(r) = 2*r**2 - 4*r - 2. Determine v(n).
14
Let p = 112 + -109. Let y(o) = 10*o**p - 14 + 12*o**2 - 5*o**3 - 4*o**3 - 14*o. Determine y(-13).
-1
Let v(n) = -5*n + 1. Let g(b) = -b. Let k(o) = -6*g(o) + v(o). Suppose -4*x - 179 - 55 = 2*f, 2*f - 3*x + 255 = 0. Let j = -121 - f. Give k(j).
3
Suppose 76 = h - 0*h. Let y = h + -31. Suppose 6*r = 11*r + y. Let b(z) = -z**2 - 10*z - 3. Determine b(r).
6
Let b(y) = -4*y**2 + 5*y - 2*y - 1 + 22*y**2 - 32*y**2 + 17*y**2. Let a = 6 - 9. Give b(a).
17
Suppose 3*o + s - 5 = 27, o - 24 = 3*s. Suppose 4*y + o = 10*y. Let x(f) = -15 + 2*f**3 + 17 + 2*f**2 - 3*f**3. What is x(y)?
2
Let u(x) be the third derivative of -x**5/20 + x**4/6 - x**3/3 + x**2. Let z = 95591 - 95588. What is u(z)?
-17
Let d(p) = 2 + 5*p**2 - p + 0*p + 7*p - 4*p**2. Let v be d(-2). Let q(t) be the first derivative of -t**4/4 - 2*t**3 - 2*t**2 - 7*t - 964. Calculate q(v).
17
Suppose -2*d + 10 = 3*d + 5*p, -d - 1 = 4*p. Suppose 0 = 5*c - 3*a - 7, 2*c = 2*a - 0 + 2. Let n(b) = -2 - 2*b - 4 + 5 - 2*b + c*b**2. Calculate n(d).
5
Let u = 1 - -4. Let p = -104 - -106. Let d(l) = -p - 2*l + l - u*l. Determine d(3).
-20
Let n = -62 + 54. Let k(v) = v**3 - v**2 - v. Let g(b) = -5*b**3 - 3*b**2 + 14*b - 4. Let z = -198 - -199. Let d(t) = z*g(t) + 4*k(t). Calculate d(n).
-20
Let v(l) = -2*l**2 + 2*l + 1. Let x be v(2). Let d be 15/(-10)*14/x. Let t(j) = -j - 5*j + d + 2*j + 2*j. Determine t(-6).
19
Suppose 21*f = 20*f - g + 11, 4*f - 14 = 2*g. Let o(n) = n**2 - 9*n + 30. What is o(f)?
12
Let w = 56 - 69. Let v(n) = 4*n - 17 + 50 - n**2 - 29 - 8 - 17*n. Calculate v(w).
-4
Let w(i) = -5*i + 4 + 14*i**2 - 13*i**2 - 3*i. Let t be 10/(-45) + (-58)/(-18). Suppose -2*n - t*n - p = -23, 4*n - 28 = 4*p. What is w(n)?
-11
Let l be ((-15)/(-5))/(12/104). Let o(u) = 1 - l*u - 4*u**3 + 5*u**3 + 26*u. Let f be 9/6*((-14)/3)/7. Calculate o(f).
0
Let x = 143 + -146. Let w be 10/4*(5 + x) + -7. Let o(y) = -2*y - 1. What is o(w)?
3
Let x(l) = 639*l**2 - 33*l - 10. Let o(v) = -57*v**2 + 3*v + 1. Let s(w) = -11*o(w) - x(w). Let y(q) = -q. Let m be y(-1). What is s(m)?
-13
Suppose 0 = -2*y - 11 - 1. Let r(q) = 6*q**2 + 7*q + 19. Let f(a) = 5*a**2 + 7*a + 17. Let p be (1 - -1)/(26/65). Let x(o) = p*f(o) - 4*r(o). What is x(y)?
3
Let y = -138 - -130. Let d(p) be the third derivative of p**5/30 + 17*p**4/24 + 2*p**3/3 - 57*p**2. Determine d(y).
-4
Let d = -2900 - -2905. Let z(g) be the second derivative of -5/12*g**4 - 3*g - 2*g**2 + 1/20*g**d + 5/6*g**3 + 0. What is z(3)?
-7
Suppose -92*o + 33 = -93*o - 2*q, 5*o - 5*q + 105 = 0. Let y(j) = 3*j**2 + 76*j + 27. Calculate y(o).
2
Let n(g) = g**3 + 3*g**2 - g - 4. Let d be 8 + 40/(-48)*6. Calculate n(d).
47
Let s(o) = -o**3 + 5*o**2 + 4*o - 3. Let z = 548 - 482. Suppose 4*p = 15*p - z. Give s(p).
-15
Suppose -2*r - 12 = -4*j, 7*j - 8*j - 3*r + 17 = 0. Let q(w) = -2*w**2 - 8*w + w**2 + 9*w + 6 - 2*w - j*w. Determine q(-7).
-1
Let b(x) = x**2 - 4*x - 10. Let f(r) = 13*r**2 + 5*r + 4. Let g(a) = 8*a**2 + 3*a + 2. Let j(w) = -3*f(w) + 5*g(w). Let c be j(3). Calculate b(c).
11
Let y(l) be the third derivative of -11*l**7/420 + l**6/180 - l**4/24 - 19*l**3/3 + 36*l**2. Let n(v) be the first derivative of y(v). Calculate n(-1).
23
Let n(b) = -14*b**2 + 1003 - 29*b + 0*b**2 - b**3 - 1972 + 1006. What is n(-11)?
-7
Let i(j) = -j**2 + 1. Let f(r) = 3*r**2 - 13*r + 4. Let o be f(5). Let t(h) = -h**3 - 4*h**3 + 6*h**3 + 32 - 19*h + 6*h + o*h**2. Let k be t(-15). What is i(k)?
-3
Let p(f) = -8*f**2 - 3*f + 62. Let u(h) = 17*h**2 + 7*h - 142. Let l(n) = 7*p(n) + 3*u(n). Give l(-4).
-72
Let d be (-12)/(-57 - -9) - 9/4. Let m(n) = n**3 + 3*n**2 - 5. Calculate m(d).
-1
Let m(i) = -3 - 16 - 664872*i + 664864*i. What is m(-2)?
-3
Let t(d) = d**3 - 3*d + 1. Let i(b) = 15*b - 57*b**2 + 171*b**2 - 55*b**2 + 3 - 54*b**2 - 5*b**3. Let k(s) = -i(s) - 4*t(s). Calculate k(5).
-22
Suppose -4*c - 2 = -3*c. Let y(i) = -4651*i**3 - 4604*i**3 + 9257*i**3 + 2*i**2 - 2 - 3*i. Determine y(c).
-4
Let y(o) = 6*o**2 - 5*o + 15. Let g(x) = 13*x**2 - 13*x + 22. Let m(t) = -4*g(t) + 7*y(t). Giv